the remainder when 2521 is divided by 19.
13
Calculate the remainder when 860252 is divided by 463.
461
Calculate the remainder when 14482 is divided by 1568.
370
Calculate the remainder when 12378 is divided by 4117.
27
What is the remainder when 12391 is divided by 104?
15
Calculate the remainder when 1035 is divided by 111.
36
What is the remainder when 72693 is divided by 24227?
12
What is the remainder when 2134 is divided by 438?
382
What is the remainder when 163755 is divided by 3994?
1
Calculate the remainder when 4908 is divided by 33.
24
Calculate the remainder when 2473 is divided by 356.
337
Calculate the remainder when 1865 is divided by 454.
49
Calculate the remainder when 187967 is divided by 48.
47
Calculate the remainder when 2027688 is divided by 698.
696
Calculate the remainder when 40589 is divided by 98.
17
What is the remainder when 17352 is divided by 642?
18
What is the remainder when 414559 is divided by 39?
28
What is the remainder when 31693 is divided by 117?
103
Calculate the remainder when 54808 is divided by 63.
61
What is the remainder when 31461 is divided by 46?
43
Calculate the remainder when 2154282 is divided by 1077134.
14
What is the remainder when 85545 is divided by 10682?
89
Calculate the remainder when 25658 is divided by 8544.
26
Calculate the remainder when 646 is divided by 419.
227
What is the remainder when 3090 is divided by 436?
38
Calculate the remainder when 14506 is divided by 78.
76
Calculate the remainder when 40696 is divided by 13553.
37
Calculate the remainder when 21469 is divided by 21455.
14
What is the remainder when 194842 is divided by 156?
154
What is the remainder when 1513 is divided by 608?
297
What is the remainder when 24454 is divided by 24454?
0
What is the remainder when 63462 is divided by 21150?
12
Calculate the remainder when 2148 is divided by 235.
33
Calculate the remainder when 2540 is divided by 994.
552
What is the remainder when 205087 is divided by 2501?
5
What is the remainder when 4938 is divided by 727?
576
What is the remainder when 5176 is divided by 28?
24
What is the remainder when 4521 is divided by 1095?
141
What is the remainder when 2103 is divided by 32?
23
Calculate the remainder when 35665 is divided by 713.
15
What is the remainder when 1034 is divided by 248?
42
Calculate the remainder when 1995 is divided by 150.
45
Calculate the remainder when 365221 is divided by 17.
10
Calculate the remainder when 41375 is divided by 15.
5
What is the remainder when 61685 is divided by 447?
446
Calculate the remainder when 34116 is divided by 68.
48
What is the remainder when 227711 is divided by 180?
11
What is the remainder when 78237 is divided by 127?
5
Calculate the remainder when 2698 is divided by 14.
10
What is the remainder when 6130 is divided by 6120?
10
What is the remainder when 85989 is divided by 42989?
11
What is the remainder when 42092 is divided by 238?
204
Calculate the remainder when 27010 is divided by 390.
100
What is the remainder when 15470 is divided by 292?
286
Calculate the remainder when 15005 is divided by 386.
337
Calculate the remainder when 1378 is divided by 1327.
51
Calculate the remainder when 38642 is divided by 805.
2
Calculate the remainder when 3935 is divided by 149.
61
What is the remainder when 127993 is divided by 54?
13
What is the remainder when 175229 is divided by 590?
589
Calculate the remainder when 146217 is divided by 171.
12
Calculate the remainder when 12068 is divided by 51.
32
Calculate the remainder when 2762462 is divided by 97.
96
What is the remainder when 12768 is divided by 2528?
128
What is the remainder when 472879 is divided by 236436?
7
Calculate the remainder when 202535 is divided by 26.
21
Calculate the remainder when 1939 is divided by 521.
376
Calculate the remainder when 1205 is divided by 298.
13
Calculate the remainder when 15012 is divided by 75.
12
Calculate the remainder when 4041 is divided by 3018.
1023
Calculate the remainder when 42113 is divided by 64.
1
Calculate the remainder when 2853 is divided by 114.
3
What is the remainder when 1666 is divided by 269?
52
What is the remainder when 25891 is divided by 156?
151
Calculate the remainder when 29053 is divided by 2641.
2
Calculate the remainder when 3336 is divided by 222.
6
What is the remainder when 9266 is divided by 1852?
6
What is the remainder when 480457 is divided by 167?
165
Calculate the remainder when 55515 is divided by 32.
27
Calculate the remainder when 13320 is divided by 25.
20
Calculate the remainder when 435 is divided by 190.
55
What is the remainder when 3474 is divided by 392?
338
Calculate the remainder when 6295 is divided by 30.
25
What is the remainder when 11908 is divided by 306?
280
Calculate the remainder when 1072 is divided by 83.
76
Calculate the remainder when 27241 is divided by 213.
190
Calculate the remainder when 12994 is divided by 184.
114
Calculate the remainder when 615 is divided by 164.
123
Calculate the remainder when 2026 is divided by 220.
46
Calculate the remainder when 9865 is divided by 28.
9
What is the remainder when 9624 is divided by 301?
293
What is the remainder when 28940 is divided by 977?
607
What is the remainder when 40595 is divided by 700?
695
Calculate the remainder when 431 is divided by 79.
36
Calculate the remainder when 2112 is divided by 1811.
301
Calculate the remainder when 12994 is divided by 28.
2
Calculate the remainder when 100964 is divided by 721.
24
Calculate the remainder when 28003 is divided by 52.
27
What is the remainder when 122099 is divided by 407?
406
Calculate the remainder when 631 is divided by 308.
15
What is the remainder when 2224 is divided by 556?
0
What is the remainder when 66361 is divided by 22117?
10
Calculate the remainder when 804759 is divided by 30952.
7
What is the remainder when 416873 is divided by 138953?
14
What is the remainder when 28765 is divided by 4784?
61
What is the remainder when 16988 is divided by 604?
76
Calculate the remainder when 5290 is divided by 31.
20
What is the remainder when 3711 is divided by 287?
267
What is the remainder when 8112 is divided by 541?
538
Calculate the remainder when 9157 is divided by 51.
28
Calculate the remainder when 2605 is divided by 450.
355
What is the remainder when 12289 is divided by 6112?
65
Calculate the remainder when 6959 is divided by 2317.
8
Calculate the remainder when 638103 is divided by 42.
39
What is the remainder when 170578 is divided by 20?
18
Calculate the remainder when 6820 is divided by 25.
20
What is the remainder when 12276 is divided by 80?
36
What is the remainder when 766 is divided by 392?
374
Calculate the remainder when 3571 is divided by 224.
211
What is the remainder when 778029 is divided by 27?
24
Calculate the remainder when 1573 is divided by 1176.
397
What is the remainder when 7706 is divided by 663?
413
Calculate the remainder when 16237 is divided by 5405.
22
What is the remainder when 1997 is divided by 547?
356
Calculate the remainder when 107347 is divided by 4128.
19
Calculate the remainder when 1601 is divided by 7.
5
What is the remainder when 9975 is divided by 1251?
1218
Calculate the remainder when 9683 is divided by 9474.
209
Calculate the remainder when 324649 is divided by 19096.
17
What is the remainder when 407 is divided by 100?
7
What is the remainder when 208739 is divided by 14?
13
Calculate the remainder when 4720 is divided by 4632.
88
What is the remainder when 2803 is divided by 1086?
631
Calculate the remainder when 90356 is divided by 173.
50
Calculate the remainder when 269381 is divided by 89790.
11
Calculate the remainder when 113257 is divided by 31.
14
What is the remainder when 1452 is divided by 28?
24
What is the remainder when 5294 is divided by 61?
48
Calculate the remainder when 12410 is divided by 23.
13
What is the remainder when 11049 is divided by 502?
5
Calculate the remainder when 10167 is divided by 289.
52
What is the remainder when 6203 is divided by 689?
2
Calculate the remainder when 5987 is divided by 1258.
955
Calculate the remainder when 266 is divided by 125.
16
Calculate the remainder when 10370 is divided by 415.
410
What is the remainder when 2962 is divided by 56?
50
Calculate 